{"id":1026,"date":"2018-05-04T10:29:38","date_gmt":"2018-05-04T08:29:38","guid":{"rendered":"https:\/\/www.rustimation.eu\/?page_id=1026"},"modified":"2018-09-13T21:44:03","modified_gmt":"2018-09-13T19:44:03","slug":"datenschutz","status":"publish","type":"page","link":"https:\/\/www.rustimation.eu\/index.php\/datenschutz\/","title":{"rendered":"Datenschutz"},"content":{"rendered":"<p>Die neue DSGVO ist ein wichtiger Schritt zur St\u00e4rkung der Rechte der Internet User gegen\u00fcber den leidigen Datenkraken. Leider bringt das jede Menge juristischen Heckmeck mit sich, was das eigentlich gew\u00fcnschte Ziel\u00a0 teilweise wieder zunichte macht, da keiner so etwas liest &#8211; au\u00dfer Abmahnvereinen.<\/p>\n<p>Sei's drum. Hier also die nach DSGVO\u00a0 auch f\u00fcr harmlose Blogs wie diesen n\u00f6tigen und sinnvollen Datenschutz Klauseln.<\/p>\n<h1>Datenschutzerkl\u00e4rung<\/h1>\n<p>Name und Kontakt des verantwortlichen Seitenbetreibers: siehe <a href=\"https:\/\/www.rustimation.eu\/index.php\/impressum\/\">Impressum<\/a><\/p>\n<h2>Datenschutz<\/h2>\n<p>Ich nehme den Schutz deiner pers\u00f6nlichen Daten sehr ernst. Ich behandle deine personenbezogenen Daten vertraulich und entsprechend der gesetzlichen Datenschutzvorschriften sowie dieser Datenschutzerkl\u00e4rung.<\/p>\n<p>Die Nutzung meiner Website ist in der Regel ohne Angabe personenbezogener Daten m\u00f6glich. Soweit auf meinen Seiten personenbezogene Daten (beispielsweise Name, Anschrift oder E-Mail-Adressen) erhoben werden, erfolgt dies, soweit m\u00f6glich, stets auf freiwilliger Basis. Diese Daten werden ohne deine ausdr\u00fcckliche Zustimmung<br \/>\nnicht an Dritte weitergegeben.<\/p>\n<p>Wir weisen darauf hin, dass die Daten\u00fcbertragung im Internet (z.B. bei der Kommunikation per E-Mail) Sicherheitsl\u00fccken aufweisen kann. Ein l\u00fcckenloser Schutz der Daten vor dem Zugriff durch Dritte ist nicht m\u00f6glich.<\/p>\n<h2>Cookies<\/h2>\n<p>Die Internetseiten verwenden teilweise so genannte Cookies. Cookies richten auf<br \/>\ndeinem Rechner keinen Schaden an und enthalten keine Viren. Cookies dienen dazu, mein Angebot nutzerfreundlicher, effektiver und sicherer zu machen. Cookies sind kleine Textdateien, die auf deinem Rechner abgelegt werden und die dein Browser speichert.<\/p>\n<p>Die meisten der von mir verwendeten Cookies sind so genannte \u201eSession-Cookies\u201c. Sie werden nach Ende deines Besuchs automatisch gel\u00f6scht. Andere Cookies bleiben auf deinem Endger\u00e4t gespeichert, bis du diese l\u00f6schst.<br \/>\nDiese Cookies erm\u00f6glichen es mir, deinen Browser beim n\u00e4chsten Besuch<br \/>\nwiederzuerkennen.<\/p>\n<p>Du kannst deinen Browser so einstellen, dass Du \u00fcber das Setzen von Cookies informiert wirst und Cookies nur im Einzelfall erlaubst, die Annahme von Cookies f\u00fcr bestimmte F\u00e4lle oder generell ausschlie\u00dfen sowie das automatische L\u00f6schen der Cookies beim Schlie\u00dfen des Browser aktivieren. Bei der Deaktivierung von Cookies kann die Funktionalit\u00e4t dieser Website eingeschr\u00e4nkt sein.<\/p>\n<h2>Server-Log-Files<\/h2>\n<p>Ich erhebe und speichere automatisch Informationen in so genannten Server-Log Files, die dein Browser automatisch an meinen Server \u00fcbermittelt. Dies sind:<\/p>\n<ul>\n<li>Browsertyp und Browserversion<\/li>\n<li>verwendetes Betriebssystem<\/li>\n<li>Referrer URL<\/li>\n<li>Hostname des zugreifenden Rechners<\/li>\n<li>Uhrzeit der Serveranfrage<\/li>\n<\/ul>\n<p>Diese Daten sind nicht bestimmten Personen zuordenbar. Eine Zusammenf\u00fchrung dieser Daten mit anderen Datenquellen wird nicht vorgenommen. Ich behalte mir vor, diese Daten nachtr\u00e4glich zu pr\u00fcfen, wenn mir konkrete Anhaltspunkte f\u00fcr eine rechtswidrige Nutzung bekannt werden.<\/p>\n<p>Diese Website speichert die IP Adresse des Benutzers in maskierter Form f\u00fcr maximal 1 Jahr. Dies dient lediglich der internen Statistik, zum Schutz nicht \u00f6ffentlicher Bereiche des\u00a0 Blogs und zur Vermeidung von Spam Kommentaren.<\/p>\n<h2>Kontaktformular<\/h2>\n<p>Wenn du mir per Kontaktformular, E-Mail oder Fax Anfragen zukommen l\u00e4sst, werden deine Angaben aus dem Anfrageformular inklusive der von dir dort angegebenen Kontaktdaten zwecks Bearbeitung der Anfrage und f\u00fcr den Fall von Anschlussfragen bei mir gespeichert. Diese Daten gebe ich nicht ohne deine Einwilligung weiter.<\/p>\n<h2>Kommentarfunktion auf dieser Website<\/h2>\n<p>F\u00fcr die Kommentarfunktion auf dieser Seite werden neben deinem Kommentar auch Angaben zum Zeitpunkt der Erstellung des Kommentars, deine E-Mail-Adresse und, wenn du nicht anonym postest, der von dir gew\u00e4hlte Nutzername gespeichert.<\/p>\n<p><strong>Speicherung der IP Adresse<\/strong><\/p>\n<p><span class=\"ts-muster-generator-wrap ts-muster-id-kommentare\"><span class=\"ts-muster-content\">Wenn Nutzer Kommentare oder sonstige Beitr\u00e4ge hinterlassen, werden ihre IP-Adressen auf Grundlage unserer berechtigten Interessen im Sinne des Art. 6 Abs. 1 lit. f. DSGVO f\u00fcr 7 Tage gespeichert. Das erfolgt zu meiner Sicherheit, falls jemand in Kommentaren und Beitr\u00e4gen widerrechtliche Inhalte hinterl\u00e4sst (Beleidigungen, verbotene politische Propaganda, etc.). In diesem Fall kann ich selbst f\u00fcr den Kommentar oder Beitrag belangt werden und bin daher an der Identit\u00e4t des Verfassers interessiert.<\/span><\/span><\/p>\n<h2>SSL-Verschl\u00fcsselung<\/h2>\n<p>Diese Seite nutzt aus Gr\u00fcnden der Sicherheit und zum Schutz der \u00dcbertragung vertraulicher Inhalte, wie zum Beispiel der Anfragen, die du an mich als Seitenbetreiber sendest, eine SSL-Verschl\u00fcsselung. Eine verschl\u00fcsselte Verbindung erkennst du daran, dass die Adresszeile des Browsers von \"http:\/\/\" auf \"https:\/\/\" wechselt und an dem Schloss-Symbol in deiner Browserzeile.<\/p>\n<p>Wenn die SSL Verschl\u00fcsselung aktiviert ist, k\u00f6nnen die Daten, die du an uns \u00fcbermittelst, nicht von Dritten mitgelesen werden.<\/p>\n<h2>Recht auf Auskunft, L\u00f6schung, Sperrung<\/h2>\n<p>Du hast jederzeit das Recht auf unentgeltliche Auskunft \u00fcber deine gespeicherten<br \/>\npersonenbezogenen Daten, deren Herkunft und Empf\u00e4nger und den Zweck der Datenverarbeitung sowie ein Recht auf Berichtigung, Sperrung oder L\u00f6schung dieser Daten. Hierzu sowie zu weiteren Fragen zum Thema personenbezogene Daten kannst du dich jederzeit unter der im Impressum angegebenen Adresse an mich wenden.<\/p>\n<h2>Widerspruch Werbe-Mails<\/h2>\n<p>Der Nutzung von im Rahmen der Impressumspflicht ver\u00f6ffentlichten Kontaktdaten zur<br \/>\n\u00dcbersendung von nicht ausdr\u00fccklich angeforderter Werbung und Informationsmaterialien wird hiermit widersprochen. Als Betreiber der Seiten behalte ich ausdr\u00fccklich rechtliche Schritte im Falle der unverlangten Zusendung von Werbeinformationen, etwa durch Spam-E-Mails, vor.<\/p>\n<p>Quelle: <a href=\"https:\/\/www.e-recht24.de\">eRecht24 \u00a0<\/a>et al.<\/p>\n<p>&nbsp;<\/p>\n","protected":false},"excerpt":{"rendered":"<p>Die neue DSGVO ist ein wichtiger Schritt zur St\u00e4rkung der Rechte der Internet User gegen\u00fcber den leidigen Datenkraken. Leider bringt das jede Menge juristischen Heckmeck mit sich, was das eigentlich gew\u00fcnschte Ziel\u00a0 teilweise wieder zunichte macht, da keiner so etwas liest &#8211; au\u00dfer Abmahnvereinen. Sei's drum. Hier also die nach DSGVO\u00a0 auch f\u00fcr harmlose Blogs &hellip; <a href=\"https:\/\/www.rustimation.eu\/index.php\/datenschutz\/\" class=\"more-link\"><span class=\"screen-reader-text\">Datenschutz<\/span> weiterlesen <span class=\"meta-nav\">&rarr;<\/span><\/a><\/p>\n","protected":false},"author":2,"featured_media":0,"parent":0,"menu_order":0,"comment_status":"closed","ping_status":"closed","template":"","meta":{"footnotes":""},"class_list":["post-1026","page","type-page","status-publish","hentry"],"_links":{"self":[{"href":"https:\/\/www.rustimation.eu\/index.php\/wp-json\/wp\/v2\/pages\/1026","targetHints":{"allow":["GET"]}}],"collection":[{"href":"https:\/\/www.rustimation.eu\/index.php\/wp-json\/wp\/v2\/pages"}],"about":[{"href":"https:\/\/www.rustimation.eu\/index.php\/wp-json\/wp\/v2\/types\/page"}],"author":[{"embeddable":true,"href":"https:\/\/www.rustimation.eu\/index.php\/wp-json\/wp\/v2\/users\/2"}],"replies":[{"embeddable":true,"href":"https:\/\/www.rustimation.eu\/index.php\/wp-json\/wp\/v2\/comments?post=1026"}],"version-history":[{"count":1,"href":"https:\/\/www.rustimation.eu\/index.php\/wp-json\/wp\/v2\/pages\/1026\/revisions"}],"predecessor-version":[{"id":1052,"href":"https:\/\/www.rustimation.eu\/index.php\/wp-json\/wp\/v2\/pages\/1026\/revisions\/1052"}],"wp:attachment":[{"href":"https:\/\/www.rustimation.eu\/index.php\/wp-json\/wp\/v2\/media?parent=1026"}],"curies":[{"name":"wp","href":"https:\/\/api.w.org\/{rel}","templated":true}]}}